1
In base 13, what is 120b + 4?
1212
In base 8, what is 17641 + 26?
17667
In base 15, what is 100b + d?
1019
In base 11, what is -8 + 924?
917
In base 15, what is -1 + -1809?
-180a
In base 8, what is -174613 - 0?
-174613
In base 4, what is 1130322 - 332?
1123330
In base 3, what is -21000 - -20211?
-12
In base 12, what is -3 - -527435?
527432
In base 13, what is 118 - -28c7?
2a12
In base 10, what is 24020 + 65?
24085
In base 4, what is 13302330 + 0?
13302330
In base 15, what is 59 + 1ee?
258
In base 3, what is 121121 - -122110?
1021001
In base 11, what is 387 + -136?
251
In base 12, what is -37a + -95?
-453
In base 9, what is 1235 - -175?
1421
In base 14, what is 29 - -275d?
2788
In base 2, what is 111011101101010 - -11?
111011101101101
In base 14, what is 2b7 - -a6?
37d
In base 3, what is -101 - -10102102122?
10102102021
In base 10, what is 592826 + -8?
592818
In base 3, what is -102 - 22122?
-100001
In base 16, what is -2 - f24c7?
-f24c9
In base 15, what is -30 - 5d3?
-613
In base 8, what is -3 - -2253201?
2253176
In base 3, what is 1010 - -2200110?
2201120
In base 12, what is 219871 + -1?
219870
In base 14, what is 140bdd + 0?
140bdd
In base 14, what is -21a8 + -6?
-21b0
In base 15, what is -9 + -8b2?
-8bb
In base 2, what is 10100001 + -10011001111?
-10000101110
In base 11, what is 4 - 51723?
-5171a
In base 14, what is 4 - 7cba?
-7cb6
In base 3, what is 2012100 - -122?
2012222
In base 11, what is -115 - -28?
-98
In base 7, what is -262 - 136?
-431
In base 14, what is -5565 + -2?
-5567
In base 4, what is 202 - -1210?
2012
In base 10, what is 15 + -76?
-61
In base 4, what is -2212 + 331202?
322330
In base 14, what is 6ccd - 0?
6ccd
In base 10, what is 22229 + 3?
22232
In base 7, what is -4 - -231561?
231554
In base 2, what is 1000 + -110111110010110?
-110111110001110
In base 5, what is 1204043 + 142?
1204240
In base 11, what is aa + -149?
-4a
In base 13, what is c5 + -1b6?
-c1
In base 9, what is -634 + 41?
-583
In base 13, what is 1673 - -3c?
16b2
In base 6, what is -5 + 453132?
453123
In base 7, what is -5 + 30530?
30522
In base 16, what is -19 - ff?
-118
In base 13, what is 5 + 426cb5?
426cba
In base 16, what is -2 - a60c?
-a60e
In base 2, what is -11110000 + -1000111101111?
-1001011011111
In base 7, what is -2000024 + -20?
-2000044
In base 10, what is -1029 - -3?
-1026
In base 15, what is -991 + -23?
-9b4
In base 2, what is 1110101111001011110 + 1000?
1110101111001100110
In base 11, what is 15a8 + -1?
15a7
In base 13, what is 399c6 - 3?
399c3
In base 7, what is 2 - -105532?
105534
In base 2, what is -100 - -11111000010111101?
11111000010111001
In base 9, what is 31 - 332335?
-332304
In base 12, what is -22149 - -1?
-22148
In base 12, what is 5 - b6b3?
-b6aa
In base 14, what is -10b7 - -4?
-10b3
In base 10, what is 50714 - 1?
50713
In base 13, what is 9c + -1564?
-1495
In base 15, what is -76e - 56?
-7c5
In base 13, what is -4 - 4704?
-4708
In base 6, what is 25411541 - -5?
25411550
In base 13, what is -4 + -10c1c?
-10c23
In base 10, what is -1233 + 5?
-1228
In base 12, what is 53b + -a?
531
In base 8, what is -161 + -415?
-576
In base 10, what is 186 + -1012?
-826
In base 5, what is -10333 - 12104?
-22442
In base 4, what is -1 + -10023032?
-10023033
In base 6, what is 110 + -30424?
-30314
In base 5, what is 414144 - -33?
414232
In base 2, what is 110111010101 - 11?
110111010010
In base 14, what is 60a00 + 4?
60a04
In base 14, what is -3777 + -15?
-378c
In base 15, what is 1b186 + 8?
1b18e
In base 9, what is 4 + 57877?
57882
In base 5, what is 0 + 1102323?
1102323
In base 14, what is -43cb - 1?
-43cc
In base 8, what is 1 - -124232?
124233
In base 6, what is -23025145 + 5?
-23025140
In base 15, what is -1007db - -1?
-1007da
In base 5, what is 144211 - -33?
144244
In base 7, what is -1 + 1650?
1646
In base 3, what is -21202220121021 - 0?
-21202220121021
In base 6, what is -101401 - 10?
-101411
In base 12, what is -61046a + 4?
-610466
In base 4, what is -211221 + 0?
-211221
In base 15, what is 4 + 5acd7?
5acdb
In base 15, what is 5 - -70c30?
70c35
In base 8, what is 450350 - 30?
450320
In base 7, what is -226433 - 2?
-226435
In base 16, what is 14a1 - 9?
1498
In base 15, what is 18e - -5c?
1eb
In base 7, what is -2160 - -5113?
2623
In base 7, what is -3145 + -3?
-3151
In base 2, what is -10101100000 + 1010011?
-10100001101
In base 12, what is -71496 + -2?
-71498
In base 3, what is 100102120 + 2001?
100111121
In base 14, what is 2c - -250?
27c
In base 14, what is -5b8 - -281?
-337
In base 6, what is 3143045 + -1?
3143044
In base 4, what is 11312 + 103?
12021
In base 9, what is 1126 + -14?
1112
In base 11, what is 48 + -8?
40
In base 14, what is -5 - -134730?
134729
In base 16, what is -1aa + 9?
-1a1
In base 13, what is 15 - 10830?
-10818
In base 15, what is -c7 - -1b2?
da
In base 16, what is 3f719 + -1?
3f718
In base 7, what is -32223 + -20?
-32243
In base 5, what is -12334 + 23241?
10402
In base 11, what is 65280 + -5?
65276
In base 16, what is 1963 + 4?
1967
In base 10, what is 401813 + -1?
401812
In base 5, what is -100220 + 20?
-100200
In base 6, what is -14114 - -35?
-14035
In base 13, what is 2a5ba + 32?
2a61c
In base 2, what is 110 + 1110001000010000010?
1110001000010001000
In base 14, what is -179 + -15c?
-2d7
In base 4, what is -10211202101 - 2?
-10211202103
In base 5, what is -13231110 - -4?
-13231101
In base 5, what is 0 + -444021?
-444021
In base 16, what is 2f6 - 29?
2cd
In base 10, what is -66 + -20631?
-20697
In base 7, what is 3 - 2025?
-2022
In base 4, what is 3032002 + 0?
3032002
In base 8, what is -1 + -26242?
-26243
In base 9, what is 0 - 5208?
-5208
In base 16, what is be + -36?
88
In base 14, what is 151 + 6c0?
831
In base 8, what is 11356435 - 5?
11356430
In base 8, what is -31244 + 34?
-31210
In base 10, what is 1951 - -365?
2316
In base 4, what is -11 + -2012300121?
-2012300132
In base 2, what is -1000100100001001 - -1?
-1000100100001000
In base 8, what is -1541 + -126?
-1667
In base 7, what is 126 + 65541?
66000
In base 6, what is 0 - -4045414?
4045414
In base 16, what is f + -582f?
-5820
In base 9, what is 5210 - 366?
4733
In base 10, what is 1340 - -28?
1368
In base 2, what is -1001010010 - -10111100101?
1110010011
In base 15, what is 590 - -42?
5d2
In base 11, what is -a2 + 311?
21a
In base 10, what is 4 + 652919?
652923
In base 6, what is -3105 + -1000?
-4105
In base 7, what is -213 - -10231?
10015
In base 11, what is 178 + 20?
198
In base 9, what is 36622 + 42?
36664
In base 13, what is 16 + -b28b?
-b275
In base 6, what is 5 - -1334110?
1334115
In base 14, what is 78d - 43?
74a
In base 14, what is -5bb - -15?
-5a6
In base 8, what is -10 + 603155?
603145
In base 8, what is 35 + -16264?
-16227
In base 6, what is -11104 - 3154?
-14302
In base 8, what is 3 + -2554235?
-2554232
In base 3, what is -1012 - -110010?
101221
In base 3, what is -1020100 + -20?
-1020120
In base 14, what is -cdd - -b3?
-c2a
In base 16, what is -d - -7c4cb?
7c4be
In base 8, what is 1140141 + -7?
1140132
In base 15, what is 2 - e0e9?
-e0e7
In base 10, what is -77696 + -8?
-77704
In base 8, what is -6725 - -4?
-6721
In base 9, what is 2243 + -261?
1872
In base 9, what is -1 + -1160167?
-1160168
In base 9, what is -6 - 2362?
-2368
In base 4, what is 10 + -110111220?
-110111210
In base 7, what is 22321 + -5?
22313
In base 3, what is -1010020100 - -2?
-1010020021
In base 4, what is -123331300 + -21?
-123331321
In base 2, what is 1110011100101000001 - -10?
1110011100101000011
In base 9, what is 134 + 6744?
6878
In base 10, what is 174091 + 6?
174097
In base 10, what is 89 + -2550?
-2461
In base 9, what is -3 - -6082?
6078
In base 14, what is 8a1 + 27?
8c8
In base 16, what is -6fceb - 1?
-6fcec
In base 12, what is 9337 - 14?
9323
In base 3, what is 10 - 200221112201?
-200221112121
In base 13, what is 13173 - 1?
13172
In base 12, what is 11 - -10808?
10819
In base 14, what is -27 - -57?
30
In base 11, what is -165 - -16?
-14a
In base 16, what is -2 - d524?
-d526
In base 6, what is 21421 + 103?
21524
In base 13, what is -b162 - -4?
-b15b
In base 8, what is -13 + -24707?
-24722
In base 6, what is 4250 + 51?
4341
In base 11, what is -2 - 868473?
-868475
In base 10, what is 30351 + -3?
30348
In base 3, what is 2010111211 + 110?
2010112021
In base 3, wh